.
3, 23, 181
What are the prime factors of 5695183?
13, 438091
What are the prime factors of 5858228?
2, 59, 103, 241
List the prime factors of 33451.
11, 3041
What are the prime factors of 107796?
2, 3, 13, 691
What are the prime factors of 7197755?
5, 41, 35111
List the prime factors of 194798.
2, 173, 563
List the prime factors of 10042636.
2, 31, 80989
What are the prime factors of 168961?
13, 41, 317
What are the prime factors of 2063698?
2, 7, 13, 17, 23, 29
List the prime factors of 234227.
7, 33461
List the prime factors of 959307.
3, 23, 13903
What are the prime factors of 15928039?
15928039
What are the prime factors of 1746205?
5, 349241
What are the prime factors of 2960704?
2, 46261
What are the prime factors of 338456?
2, 42307
List the prime factors of 7911883.
7, 61, 2647
List the prime factors of 6136669.
7, 11, 79697
List the prime factors of 8636422.
2, 4318211
What are the prime factors of 10030265?
5, 7, 179, 1601
What are the prime factors of 2389991?
19, 125789
List the prime factors of 658401.
3, 219467
What are the prime factors of 166958?
2, 11, 7589
What are the prime factors of 40700?
2, 5, 11, 37
List the prime factors of 568267.
7, 81181
List the prime factors of 32085060.
2, 3, 5, 7, 79, 967
What are the prime factors of 8850398?
2, 107, 41357
List the prime factors of 152843.
152843
What are the prime factors of 7274437?
7274437
What are the prime factors of 66674?
2, 17, 37, 53
List the prime factors of 711149.
181, 3929
List the prime factors of 3314624.
2, 67, 773
List the prime factors of 9107741.
9107741
List the prime factors of 3832537.
971, 3947
List the prime factors of 6330326.
2, 3165163
What are the prime factors of 540729?
3, 7, 2861
List the prime factors of 583740.
2, 3, 5, 23, 47
What are the prime factors of 625355?
5, 181, 691
What are the prime factors of 2532148?
2, 633037
List the prime factors of 819847.
7, 173, 677
What are the prime factors of 520994?
2, 331, 787
What are the prime factors of 2444051?
41, 59611
What are the prime factors of 1130161?
457, 2473
What are the prime factors of 63901?
63901
What are the prime factors of 82274?
2, 31, 1327
What are the prime factors of 23819827?
73, 283, 1153
List the prime factors of 158920.
2, 5, 29, 137
What are the prime factors of 31640499?
3, 11, 319601
What are the prime factors of 220865?
5, 163, 271
What are the prime factors of 526500?
2, 3, 5, 13
List the prime factors of 958147.
307, 3121
What are the prime factors of 15370859?
7, 41, 1093
What are the prime factors of 745993?
745993
List the prime factors of 2874643.
19, 7963
What are the prime factors of 889143?
3, 19, 821
What are the prime factors of 872015?
5, 17, 10259
List the prime factors of 6730645.
5, 1346129
List the prime factors of 2878728.
2, 3, 19, 59, 107
What are the prime factors of 246609?
3, 11, 47, 53
What are the prime factors of 237883?
237883
What are the prime factors of 15469459?
15469459
List the prime factors of 13140452.
2, 13, 23, 10987
What are the prime factors of 197220?
2, 3, 5, 19, 173
What are the prime factors of 117267?
3, 39089
List the prime factors of 4116810.
2, 3, 5, 41, 3347
What are the prime factors of 517052?
2, 129263
What are the prime factors of 420640?
2, 5, 11, 239
List the prime factors of 660573.
3, 19, 3863
List the prime factors of 73175.
5, 2927
What are the prime factors of 211202?
2, 105601
What are the prime factors of 6280472?
2, 11, 23, 29, 107
List the prime factors of 2015941.
2015941
List the prime factors of 3821762.
2, 7, 272983
What are the prime factors of 85267?
7, 13, 937
What are the prime factors of 63845?
5, 113
List the prime factors of 267319.
13, 20563
What are the prime factors of 344322?
2, 3, 11, 37, 47
List the prime factors of 2895393.
3, 965131
List the prime factors of 861112.
2, 7, 15377
What are the prime factors of 477855?
3, 5, 7, 37, 41
What are the prime factors of 524031?
3, 37, 4721
List the prime factors of 287167.
287167
What are the prime factors of 1653?
3, 19, 29
List the prime factors of 738425.
5, 29537
What are the prime factors of 715827?
3, 7, 89, 383
List the prime factors of 6133987.
6133987
List the prime factors of 48583.
19, 2557
List the prime factors of 349410.
2, 3, 5, 19, 613
What are the prime factors of 2203656?
2, 3, 7, 13, 1009
What are the prime factors of 1340382?
2, 3, 17, 773
What are the prime factors of 9196529?
587, 15667
What are the prime factors of 1464517?
71, 20627
List the prime factors of 477784.
2, 59723
List the prime factors of 11718158.
2, 137, 42767
List the prime factors of 2788427.
2788427
What are the prime factors of 2484499?
17, 101, 1447
What are the prime factors of 22823764?
2, 47, 121403
What are the prime factors of 12233?
13, 941
What are the prime factors of 1981273?
7, 349, 811
List the prime factors of 559772.
2, 139943
What are the prime factors of 27274695?
3, 5, 7, 67, 3877
What are the prime factors of 3620848?
2, 7, 11, 2939
What are the prime factors of 577350?
2, 3, 5, 1283
What are the prime factors of 103910?
2, 5, 10391
List the prime factors of 64127.
7, 9161
List the prime factors of 4755353.
1231, 3863
What are the prime factors of 8159962?
2, 29, 140689
What are the prime factors of 347446?
2, 11, 17, 929
What are the prime factors of 1298392?
2, 17, 9547
What are the prime factors of 114234?
2, 3, 79, 241
What are the prime factors of 212215?
5, 42443
What are the prime factors of 393003?
3, 13, 3359
List the prime factors of 631609.
11, 67, 857
What are the prime factors of 18316816?
2, 7, 163543
What are the prime factors of 860522?
2, 13, 23, 1439
What are the prime factors of 1282568?
2, 7, 37, 619
List the prime factors of 611767.
13, 47059
List the prime factors of 90804.
2, 3, 7, 23, 47
What are the prime factors of 747226?
2, 373613
List the prime factors of 3311885.
5, 23, 31, 929
What are the prime factors of 336677?
11, 127, 241
What are the prime factors of 799482?
2, 3, 19, 7013
What are the prime factors of 24792?
2, 3, 1033
List the prime factors of 5801502.
2, 3, 7, 2819
What are the prime factors of 2416240?
2, 5, 30203
List the prime factors of 4655329.
7, 665047
List the prime factors of 2724407.
7, 131, 2971
What are the prime factors of 1057096?
2, 132137
What are the prime factors of 15046404?
2, 3, 19, 65993
What are the prime factors of 3449638?
2, 1724819
List the prime factors of 31614162.
2, 3, 5269027
What are the prime factors of 10819306?
2, 47, 115099
What are the prime factors of 722409?
3, 113, 2131
What are the prime factors of 85891?
13, 6607
What are the prime factors of 5242619?
5242619
List the prime factors of 956940.
2, 3, 5, 41, 389
List the prime factors of 187956.
2, 3, 23, 227
List the prime factors of 9150012.
2, 3, 17, 14951
List the prime factors of 2021840.
2, 5, 127, 199
List the prime factors of 394637.
394637
What are the prime factors of 2253202?
2, 7, 227, 709
What are the prime factors of 241461?
3, 11, 271
List the prime factors of 1969217.
19, 103643
What are the prime factors of 17681388?
2, 3, 23, 64063
List the prime factors of 25970759.
25970759
What are the prime factors of 380977?
380977
What are the prime factors of 434308?
2, 7, 15511
List the prime factors of 309060.
2, 3, 5, 17, 101
List the prime factors of 11580226.
2, 7, 179, 4621
List the prime factors of 47422.
2, 131, 181
List the prime factors of 2914507.
2914507
What are the prime factors of 8454109?
29, 291521
What are the prime factors of 377607?
3, 191, 659
List the prime factors of 2621837.
2621837
What are the prime factors of 6863431?
31, 221401
What are the prime factors of 742190?
2, 5, 74219
List the prime factors of 110824.
2, 7, 1979
List the prime factors of 317742.
2, 3, 52957
What are the prime factors of 1293235?
5, 19, 13613
What are the prime factors of 543027?
3, 31, 5839
What are the prime factors of 2206124?
2, 17, 32443
List the prime factors of 1439863.
967, 1489
What are the prime factors of 4930485?
3, 5, 7, 46957
What are the prime factors of 68775?
3, 5, 7, 131
List the prime factors of 664231.
293, 2267
What are the prime factors of 94537?
17, 67, 83
What are the prime factors of 326683?
7, 59, 113
What are the prime factors of 88941?
3, 23, 1289
What are the prime fac